4
What is the remainder when 1371 is divided by 64?
27
Calculate the remainder when 210 is divided by 12.
6
Calculate the remainder when 81 is divided by 21.
18
What is the remainder when 9062 is divided by 3015?
17
What is the remainder when 1327 is divided by 38?
35
Calculate the remainder when 695 is divided by 27.
20
What is the remainder when 300 is divided by 22?
14
Calculate the remainder when 116 is divided by 23.
1
Calculate the remainder when 1597 is divided by 100.
97
What is the remainder when 237 is divided by 16?
13
What is the remainder when 46 is divided by 12?
10
Calculate the remainder when 26529 is divided by 70.
69
What is the remainder when 7902 is divided by 29?
14
What is the remainder when 23 is divided by 13?
10
What is the remainder when 13 is divided by 7?
6
What is the remainder when 9099 is divided by 35?
34
Calculate the remainder when 4415 is divided by 340.
335
Calculate the remainder when 915 is divided by 40.
35
Calculate the remainder when 263 is divided by 127.
9
What is the remainder when 8197 is divided by 25?
22
Calculate the remainder when 663 is divided by 27.
15
What is the remainder when 21 is divided by 14?
7
Calculate the remainder when 44 is divided by 5.
4
What is the remainder when 525 is divided by 45?
30
What is the remainder when 77 is divided by 18?
5
What is the remainder when 184 is divided by 55?
19
Calculate the remainder when 265 is divided by 38.
37
Calculate the remainder when 6407 is divided by 12.
11
What is the remainder when 57 is divided by 31?
26
Calculate the remainder when 233 is divided by 40.
33
Calculate the remainder when 1893 is divided by 1891.
2
Calculate the remainder when 1311 is divided by 163.
7
Calculate the remainder when 445 is divided by 162.
121
Calculate the remainder when 449 is divided by 190.
69
Calculate the remainder when 78 is divided by 67.
11
What is the remainder when 1547 is divided by 9?
8
What is the remainder when 8261 is divided by 159?
152
Calculate the remainder when 81 is divided by 55.
26
Calculate the remainder when 524 is divided by 154.
62
Calculate the remainder when 5467 is divided by 18.
13
What is the remainder when 161 is divided by 14?
7
Calculate the remainder when 280 is divided by 47.
45
Calculate the remainder when 68 is divided by 63.
5
What is the remainder when 228 is divided by 66?
30
Calculate the remainder when 1047 is divided by 30.
27
What is the remainder when 122 is divided by 14?
10
What is the remainder when 811 is divided by 265?
16
Calculate the remainder when 130 is divided by 120.
10
Calculate the remainder when 465 is divided by 420.
45
Calculate the remainder when 17086 is divided by 23.
20
Calculate the remainder when 251 is divided by 23.
21
Calculate the remainder when 740 is divided by 39.
38
What is the remainder when 28706 is divided by 99?
95
What is the remainder when 213 is divided by 205?
8
Calculate the remainder when 266 is divided by 27.
23
What is the remainder when 54 is divided by 34?
20
What is the remainder when 977 is divided by 245?
242
Calculate the remainder when 154 is divided by 27.
19
What is the remainder when 644 is divided by 36?
32
Calculate the remainder when 193 is divided by 13.
11
Calculate the remainder when 6647 is divided by 5.
2
Calculate the remainder when 215 is divided by 4.
3
Calculate the remainder when 483 is divided by 31.
18
What is the remainder when 661 is divided by 24?
13
What is the remainder when 967 is divided by 128?
71
Calculate the remainder when 51 is divided by 31.
20
Calculate the remainder when 61 is divided by 1.
0
What is the remainder when 275 is divided by 273?
2
Calculate the remainder when 313 is divided by 28.
5
Calculate the remainder when 236 is divided by 34.
32
Calculate the remainder when 287 is divided by 37.
28
What is the remainder when 134 is divided by 8?
6
What is the remainder when 784 is divided by 77?
14
Calculate the remainder when 37 is divided by 10.
7
Calculate the remainder when 511 is divided by 57.
55
What is the remainder when 118 is divided by 49?
20
Calculate the remainder when 12822 is divided by 106.
102
Calculate the remainder when 71 is divided by 47.
24
What is the remainder when 74 is divided by 34?
6
Calculate the remainder when 64 is divided by 16.
0
Calculate the remainder when 373 is divided by 15.
13
What is the remainder when 2659 is divided by 80?
19
Calculate the remainder when 151 is divided by 73.
5
Calculate the remainder when 179 is divided by 49.
32
What is the remainder when 137 is divided by 79?
58
Calculate the remainder when 648 is divided by 26.
24
What is the remainder when 238 is divided by 12?
10
Calculate the remainder when 363 is divided by 273.
90
What is the remainder when 551 is divided by 40?
31
What is the remainder when 84 is divided by 24?
12
What is the remainder when 264 is divided by 63?
12
Calculate the remainder when 523 is divided by 483.
40
What is the remainder when 11034 is divided by 62?
60
Calculate the remainder when 615 is divided by 11.
10
Calculate the remainder when 1062 is divided by 10.
2
Calculate the remainder when 13 is divided by 1.
0
What is the remainder when 328 is divided by 17?
5
Calculate the remainder when 453 is divided by 50.
3
Calculate the remainder when 117 is divided by 8.
5
Calculate the remainder when 7158 is divided by 231.
228
Calculate the remainder when 352 is divided by 123.
106
What is the remainder when 28 is divided by 1?
0
Calculate the remainder when 408 is divided by 82.
80
Calculate the remainder when 960 is divided by 66.
36
What is the remainder when 619 is divided by 70?
59
Calculate the remainder when 91 is divided by 53.
38
Calculate the remainder when 265 is divided by 124.
17
What is the remainder when 847 is divided by 78?
67
What is the remainder when 395 is divided by 19?
15
What is the remainder when 303 is divided by 9?
6
What is the remainder when 262 is divided by 6?
4
Calculate the remainder when 82625 is divided by 52.
49
What is the remainder when 4009 is divided by 236?
233
What is the remainder when 450 is divided by 33?
21
What is the remainder when 40 is divided by 14?
12
What is the remainder when 42 is divided by 12?
6
What is the remainder when 95 is divided by 32?
31
Calculate the remainder when 140 is divided by 12.
8
What is the remainder when 382 is divided by 48?
46
Calculate the remainder when 2755 is divided by 53.
52
Calculate the remainder when 240 is divided by 107.
26
What is the remainder when 216 is divided by 90?
36
Calculate the remainder when 592 is divided by 75.
67
What is the remainder when 383 is divided by 103?
74
Calculate the remainder when 2013 is divided by 27.
15
What is the remainder when 56 is divided by 10?
6
Calculate the remainder when 988 is divided by 108.
16
What is the remainder when 493 is divided by 244?
5
What is the remainder when 135 is divided by 62?
11
Calculate the remainder when 940 is divided by 23.
20
What is the remainder when 153 is divided by 13?
10
What is the remainder when 356 is divided by 63?
41
Calculate the remainder when 1857 is divided by 13.
11
Calculate the remainder when 6831 is divided by 122.
121
Calculate the remainder when 147 is divided by 79.
68
What is the remainder when 190 is divided by 56?
22
Calculate the remainder when 182 is divided by 8.
6
Calculate the remainder when 545 is divided by 55.
50
What is the remainder when 455 is divided by 114?
113
What is the remainder when 934 is divided by 85?
84
Calculate the remainder when 28 is divided by 10.
8
What is the remainder when 1268 is divided by 599?
70
Calculate the remainder when 93 is divided by 51.
42
What is the remainder when 1021 is divided by 280?
181
What is the remainder when 16 is divided by 5?
1
What is the remainder when 1256 is divided by 623?
10
Calculate the remainder when 3443 is divided by 1135.
38
Calculate the remainder when 5906 is divided by 28.
26
What is the remainder when 55 is divided by 26?
3
Calculate the remainder when 108 is divided by 75.
33
What is the remainder when 3066 is divided by 72?
42
What is the remainder when 357 is divided by 60?
57
Calculate the remainder when 1112 is divided by 79.
6
Calculate the remainder when 284 is divided by 49.
39
What is the